{"id":277,"date":"2022-11-16T08:38:27","date_gmt":"2022-11-16T07:38:27","guid":{"rendered":"http:\/\/angleeditions.com\/?page_id=277"},"modified":"2023-01-21T13:03:16","modified_gmt":"2023-01-21T12:03:16","slug":"enseignants","status":"publish","type":"page","link":"https:\/\/angleeditions.com\/index.php\/enseignants\/","title":{"rendered":"Enseignants"},"content":{"rendered":"\n<h2 class=\"wp-block-heading\">Contact d\u00e9di\u00e9<\/h2>\n\n\n\n<p class=\"has-small-font-size\"><a href=\"mailto:enseignants@angleeditions.com\">enseignants@angleeditions.com<\/a><\/p>\n\n\n\n<h2 class=\"wp-block-heading\">Dossiers p\u00e9dagogiques<\/h2>\n\n\n\n<p class=\"has-small-font-size\">($31,5) Dossier p\u00e9dagogique en cours d&#8217;\u00e9laboration<\/p>\n\n\n\n<h2 class=\"wp-block-heading\">Offres ADAGE \/ pass culture<\/h2>\n\n\n\n<p><strong>Rencontres.<\/strong> Dans un format \u00e0 d\u00e9finir au cas par cas, les \u00e9l\u00e8ves parlent avec Geoffroy MICHEL de litt\u00e9rature (le processus d&#8217;\u00e9criture, les nouveaux formats, les attentes des nouvelles g\u00e9n\u00e9rations&#8230;) et de citoyennet\u00e9 (<em>cf<\/em>. la question d\u00e9mocratique qui constitue la toile de fond de &#8220;31,5 dollars&#8221;)<\/p>\n\n\n\n<p><strong>Master class d&#8217;\u00e9criture.<\/strong> Dans un format \u00e0 d\u00e9finir au cas par cas, les \u00e9l\u00e8ves s&#8217;interrogent sur le processus d&#8217;\u00e9criture, exp\u00e9rimentent, et vont \u00e0 la rencontre de l&#8217;auteur qui sommeille en eux.<\/p>\n\n\n\n<figure class=\"wp-block-gallery has-nested-images columns-default is-cropped wp-block-gallery-1 is-layout-flex wp-block-gallery-is-layout-flex\">\n<figure class=\"wp-block-image size-large\"><img loading=\"lazy\" decoding=\"async\" width=\"992\" height=\"1024\" data-id=\"350\" src=\"http:\/\/angleeditions.com\/wp-content\/uploads\/2022\/12\/Offre-rencontre-1-992x1024.png\" alt=\"\" class=\"wp-image-350\" srcset=\"https:\/\/angleeditions.com\/wp-content\/uploads\/2022\/12\/Offre-rencontre-1-992x1024.png 992w, https:\/\/angleeditions.com\/wp-content\/uploads\/2022\/12\/Offre-rencontre-1-291x300.png 291w, https:\/\/angleeditions.com\/wp-content\/uploads\/2022\/12\/Offre-rencontre-1-768x793.png 768w, https:\/\/angleeditions.com\/wp-content\/uploads\/2022\/12\/Offre-rencontre-1-1488x1536.png 1488w, https:\/\/angleeditions.com\/wp-content\/uploads\/2022\/12\/Offre-rencontre-1.png 1664w\" sizes=\"auto, (max-width: 767px) 89vw, (max-width: 1000px) 54vw, (max-width: 1071px) 543px, 580px\" \/><\/figure>\n\n\n\n<figure class=\"wp-block-image size-large\"><img loading=\"lazy\" decoding=\"async\" width=\"993\" height=\"1024\" data-id=\"349\" src=\"http:\/\/angleeditions.com\/wp-content\/uploads\/2022\/12\/Offre-master-class-993x1024.png\" alt=\"\" class=\"wp-image-349\" srcset=\"https:\/\/angleeditions.com\/wp-content\/uploads\/2022\/12\/Offre-master-class-993x1024.png 993w, https:\/\/angleeditions.com\/wp-content\/uploads\/2022\/12\/Offre-master-class-291x300.png 291w, https:\/\/angleeditions.com\/wp-content\/uploads\/2022\/12\/Offre-master-class-768x792.png 768w, https:\/\/angleeditions.com\/wp-content\/uploads\/2022\/12\/Offre-master-class-1490x1536.png 1490w, https:\/\/angleeditions.com\/wp-content\/uploads\/2022\/12\/Offre-master-class.png 1938w\" sizes=\"auto, (max-width: 767px) 89vw, (max-width: 1000px) 54vw, (max-width: 1071px) 543px, 580px\" \/><\/figure>\n<\/figure>\n\n\n\n<p><\/p>\n","protected":false},"excerpt":{"rendered":"<p>Contact d\u00e9di\u00e9 enseignants@angleeditions.com Dossiers p\u00e9dagogiques ($31,5) Dossier p\u00e9dagogique en cours d&#8217;\u00e9laboration Offres ADAGE \/ pass culture Rencontres. Dans un format \u00e0 d\u00e9finir au cas par cas, les \u00e9l\u00e8ves parlent avec Geoffroy MICHEL de litt\u00e9rature (le processus d&#8217;\u00e9criture, les nouveaux formats, les attentes des nouvelles g\u00e9n\u00e9rations&#8230;) et de citoyennet\u00e9 (cf. la question d\u00e9mocratique qui constitue la &hellip; <\/p>\n<p class=\"link-more\"><a href=\"https:\/\/angleeditions.com\/index.php\/enseignants\/\" class=\"more-link\">Continue reading<span class=\"screen-reader-text\"> &#8220;Enseignants&#8221;<\/span><\/a><\/p>\n","protected":false},"author":1,"featured_media":0,"parent":0,"menu_order":0,"comment_status":"closed","ping_status":"closed","template":"","meta":{"footnotes":""},"class_list":["post-277","page","type-page","status-publish","hentry"],"_links":{"self":[{"href":"https:\/\/angleeditions.com\/index.php\/wp-json\/wp\/v2\/pages\/277","targetHints":{"allow":["GET"]}}],"collection":[{"href":"https:\/\/angleeditions.com\/index.php\/wp-json\/wp\/v2\/pages"}],"about":[{"href":"https:\/\/angleeditions.com\/index.php\/wp-json\/wp\/v2\/types\/page"}],"author":[{"embeddable":true,"href":"https:\/\/angleeditions.com\/index.php\/wp-json\/wp\/v2\/users\/1"}],"replies":[{"embeddable":true,"href":"https:\/\/angleeditions.com\/index.php\/wp-json\/wp\/v2\/comments?post=277"}],"version-history":[{"count":8,"href":"https:\/\/angleeditions.com\/index.php\/wp-json\/wp\/v2\/pages\/277\/revisions"}],"predecessor-version":[{"id":356,"href":"https:\/\/angleeditions.com\/index.php\/wp-json\/wp\/v2\/pages\/277\/revisions\/356"}],"wp:attachment":[{"href":"https:\/\/angleeditions.com\/index.php\/wp-json\/wp\/v2\/media?parent=277"}],"curies":[{"name":"wp","href":"https:\/\/api.w.org\/{rel}","templated":true}]}}