{"id":60,"date":"2022-05-20T23:32:16","date_gmt":"2022-05-20T21:32:16","guid":{"rendered":"http:\/\/angleeditions.com\/?page_id=60"},"modified":"2022-05-31T08:52:55","modified_gmt":"2022-05-31T06:52:55","slug":"la-maison-dedition-2","status":"publish","type":"page","link":"https:\/\/angleeditions.com\/","title":{"rendered":"La maison d&#8217;\u00e9dition"},"content":{"rendered":"\n<div class=\"wp-block-group is-vertical is-layout-flex wp-container-core-group-is-layout-8cf370e7 wp-block-group-is-layout-flex\">\n<h2 class=\"wp-block-heading\">Notre raison d&#8217;\u00eatre<\/h2>\n\n\n\n<p><\/p>\n\n\n\n<p>Dans un monde d&#8217;\u00e9crans, le livre est un refuge pour la pens\u00e9e. <\/p>\n\n\n\n<p>Donc, nous fabriquons des livres.<\/p>\n\n\n\n<p><\/p>\n\n\n\n<p><\/p>\n\n\n\n<p>Les valeurs universelles, les droits fondamentaux, le respect de la nature et du vivant ne sont ni \u00e9vidents ni acquis. <\/p>\n\n\n\n<p>Donc, nous diffusons des textes engag\u00e9s. <\/p>\n\n\n\n<p><\/p>\n\n\n\n<p><\/p>\n\n\n\n<p>Les nouvelles g\u00e9n\u00e9rations se d\u00e9tournent de la litt\u00e9rature, trop en d\u00e9calage avec leurs codes narratifs. <\/p>\n\n\n\n<p>Donc, nous concevons des formats courts, accessibles et percutants. <\/p>\n\n\n\n<p><\/p>\n\n\n\n<p><\/p>\n\n\n\n<p>Nous ne publions pas des livres. Nous contribuons au monde.<\/p>\n<\/div>\n","protected":false},"excerpt":{"rendered":"<p>Notre raison d&#8217;\u00eatre Dans un monde d&#8217;\u00e9crans, le livre est un refuge pour la pens\u00e9e. Donc, nous fabriquons des livres. Les valeurs universelles, les droits fondamentaux, le respect de la nature et du vivant ne sont ni \u00e9vidents ni acquis. Donc, nous diffusons des textes engag\u00e9s. Les nouvelles g\u00e9n\u00e9rations se d\u00e9tournent de la litt\u00e9rature, trop &hellip; <\/p>\n<p class=\"link-more\"><a href=\"https:\/\/angleeditions.com\/\" class=\"more-link\">Continue reading<span class=\"screen-reader-text\"> &#8220;La maison d&#8217;\u00e9dition&#8221;<\/span><\/a><\/p>\n","protected":false},"author":1,"featured_media":156,"parent":0,"menu_order":0,"comment_status":"closed","ping_status":"closed","template":"","meta":{"footnotes":""},"class_list":["post-60","page","type-page","status-publish","has-post-thumbnail","hentry"],"_links":{"self":[{"href":"https:\/\/angleeditions.com\/index.php\/wp-json\/wp\/v2\/pages\/60","targetHints":{"allow":["GET"]}}],"collection":[{"href":"https:\/\/angleeditions.com\/index.php\/wp-json\/wp\/v2\/pages"}],"about":[{"href":"https:\/\/angleeditions.com\/index.php\/wp-json\/wp\/v2\/types\/page"}],"author":[{"embeddable":true,"href":"https:\/\/angleeditions.com\/index.php\/wp-json\/wp\/v2\/users\/1"}],"replies":[{"embeddable":true,"href":"https:\/\/angleeditions.com\/index.php\/wp-json\/wp\/v2\/comments?post=60"}],"version-history":[{"count":43,"href":"https:\/\/angleeditions.com\/index.php\/wp-json\/wp\/v2\/pages\/60\/revisions"}],"predecessor-version":[{"id":238,"href":"https:\/\/angleeditions.com\/index.php\/wp-json\/wp\/v2\/pages\/60\/revisions\/238"}],"wp:featuredmedia":[{"embeddable":true,"href":"https:\/\/angleeditions.com\/index.php\/wp-json\/wp\/v2\/media\/156"}],"wp:attachment":[{"href":"https:\/\/angleeditions.com\/index.php\/wp-json\/wp\/v2\/media?parent=60"}],"curies":[{"name":"wp","href":"https:\/\/api.w.org\/{rel}","templated":true}]}}